ultiple of 38?
False
Does 66 divide 2009?
False
Is 462 a multiple of 231?
True
Does 32 divide 7676?
False
Is 28 a factor of 6356?
True
Is 12 a factor of 1896?
True
Is 4 a factor of 564?
True
Is 129159 a multiple of 75?
False
Is 596 a multiple of 61?
False
Is 67 a factor of 15410?
True
Is 579 a multiple of 80?
False
Is 37 a factor of 334?
False
Is 97 a factor of 3783?
True
Is 29923 a multiple of 23?
True
Does 28 divide 210?
False
Is 115 a factor of 8569?
False
Does 22 divide 310?
False
Is 469 a multiple of 67?
True
Does 20 divide 59020?
True
Is 71 a factor of 5254?
True
Is 1304 a multiple of 11?
False
Does 15 divide 44865?
True
Is 13477 a multiple of 153?
False
Is 7 a factor of 5738?
False
Does 5 divide 2300?
True
Is 10 a factor of 232?
False
Is 49 a factor of 30422?
False
Does 16 divide 45021?
False
Is 58 a factor of 5251?
False
Is 5 a factor of 415?
True
Is 959 even?
False
Is 255 a multiple of 2?
False
Is 360 a multiple of 24?
True
Is 18163 a multiple of 44?
False
Is 2360 a multiple of 59?
True
Is 82 a factor of 121?
False
Is 1642 a multiple of 53?
False
Is 12 a factor of 13332?
True
Is 5 a factor of 639?
False
Is 73 a multiple of 20?
False
Is 15 a factor of 783?
False
Does 32 divide 1152?
True
Is 4522 a multiple of 51?
False
Does 123 divide 3198?
True
Is 9922 a multiple of 286?
False
Is 80 a factor of 1600?
True
Is 131 a factor of 1441?
True
Does 47 divide 5679?
False
Does 2 divide 455?
False
Is 864 a multiple of 9?
True
Is 959 a multiple of 72?
False
Is 79 a factor of 352?
False
Does 8 divide 2593?
False
Does 9 divide 570?
False
Is 4 a factor of 766?
False
Is 718 a multiple of 29?
False
Does 16 divide 302?
False
Is 431 a multiple of 3?
False
Is 2223 a multiple of 5?
False
Does 15 divide 1509?
False
Is 15820 a multiple of 14?
True
Is 67 a factor of 18530?
False
Is 163 a factor of 4238?
True
Is 2557 a multiple of 60?
False
Is 12 a factor of 15664?
False
Does 3 divide 347?
False
Is 2155 a multiple of 26?
False
Does 11 divide 43824?
True
Does 111 divide 1998?
True
Is 2592 a multiple of 3?
True
Is 873 a multiple of 10?
False
Is 7 a factor of 476?
True
Does 118 divide 28674?
True
Does 74 divide 19122?
False
Is 11 a factor of 1018?
False
Does 30 divide 37886?
False
Is 273 a multiple of 13?
True
Does 89 divide 376?
False
Is 1173 a multiple of 69?
True
Is 7 a factor of 2485?
True
Is 3072 a multiple of 48?
True
Does 112 divide 13776?
True
Is 45975 a multiple of 22?
False
Does 40 divide 2226?
False
Is 7202 a multiple of 30?
False
Is 104 a factor of 34683?
False
Is 24 a factor of 120?
True
Is 93 a factor of 2078?
False
Is 24 a factor of 488?
False
Is 21149 a multiple of 9?
False
Is 19 a factor of 6270?
True
Does 93 divide 21762?
True
Is 25 a factor of 27375?
True
Is 384 a multiple of 9?
False
Is 1043 even?
False
Is 1177 a multiple of 11?
True
Is 8 a factor of 122?
False
Is 250 a multiple of 10?
True
Does 24 divide 24?
True
Is 5 a factor of 95?
True
Is 5274 a multiple of 6?
True
Is 45 a factor of 4140?
True
Is 1075 a multiple of 47?
False
Does 31 divide 403?
True
Is 143 a multiple of 108?
False
Does 23 divide 953?
False
Does 76 divide 10960?
False
Is 11940 a multiple of 12?
True
Is 272 a multiple of 13?
False
Is 20 a factor of 14480?
True
Is 13 a factor of 19096?
False
Is 15 a factor of 1097?
False
Is 7071 a multiple of 76?
False
Is 14895 a multiple of 45?
True
Does 12 divide 348?
True
Is 14 a factor of 31962?
True
Does 185 divide 23812?
False
Does 49 divide 1259?
False
Is 42471 a multiple of 351?
True
Is 8 a factor of 1147?
False
Is 468 a multiple of 18?
True
Is 14 a factor of 132?
False
Does 34 divide 2577?
False
Is 15 a factor of 144?
False
Is 10 a factor of 35162?
False
Is 34 a factor of 2414?
True
Is 8039 a multiple of 94?
False
Does 68 divide 40906?
False
Is 70 a multiple of 5?
True
Is 3729 a multiple of 11?
True
Is 34 a factor of 782?
True
Is 10 a factor of 168?
False
Does 38 divide 19027?
False
Is 15540 a multiple of 21?
True
Is 13 a factor of 11518?
True
Does 16 divide 747?
False
Does 83 divide 1530?
False
Is 283 a multiple of 11?
False
Is 14308 a multiple of 73?
True
Is 48 a factor of 10176?
True
Is 8508 a multiple of 114?
False
Is 129 a factor of 3379?
False
Is 570 a multiple of 19?
True
Is 7 a factor of 25625?
False
Is 3703 a multiple of 23?
True
Is 168 a multiple of 28?
True
Does 6 divide 108?
True
Is 317 a multiple of 26?
False
Is 72 a factor of 30666?
False
Is 1802 a multiple of 28?
False
Is 46309 a multiple of 96?
False
Does 9 divide 1646?
False
Is 14444 a multiple of 23?
True
Is 62052 a multiple of 306?
False
Does 27 divide 418?
False
Is 88 a multiple of 7?
False
Does 2 divide 149?
False
Does 29 divide 30953?
False
Is 5216 a multiple of 32?
True
Does 13 divide 25482?
False
Does 41 divide 58118?
False
Is 15 a factor of 675?
True
Does 67 divide 2747?
True
Is 46464 a multiple of 22?
True
Is 3552 a multiple of 163?
False
Is 50252 a multiple of 299?
False
Does 9 divide 54?
True
Is 11 a factor of 64887?
False
Is 270 a multiple of 75?
False
Is 2697 a multiple of 31?
True
Is 148 a factor of 7143?
False
Does 4 divide 181?
False
Is 26188 a multiple of 55?
False
Is 252 a multiple of 9?
True
Is 5 a factor of 563?
False
Is 87 a factor of 9396?
True
Is 38 a factor of 9310?
True
Does 49 divide 26660?
False
Is 161269 a multiple of 67?
True
Is 20 a factor of 20360?
True
Is 3 a factor of 18?
True
Does 24 divide 4320?
True
Does 25 divide 11600?
True
Is 1848 a multiple of 77?
True
Is 21 a factor of 315?
True
Does 39 divide 4017?
True
Does 61 divide 32513?
True
Is 97 a factor of 5141?
True
Is 29 a factor of 4524?
True
Is 2314 a multiple of 32?
False
Is 43 a factor of 194?
False
Does 7 divide 485?
False
Does 16 divide 6242?
False
Is 7 a factor of 399?
True
Is 34 a factor of 52513?
False
Is 39299 a multiple of 12?
False
Does 43 divide 1786?
False
Is 7680 a multiple of 53?
False
Does 14 divide 2063?
False
Is 36 a factor of 14220?
True
Does 12 divide 50231?
False
Is 74 a factor of 48553?
False
Is 188 a factor of 17172?
False
Is 6123 a multiple of 129?
False
Does 38 divide 1116?
False
Is 1104 a multiple of 29?
False
Is 2 a factor of 124?
True
Is 8 a factor of 5697?
False
Is 341 a multiple of 14?
False
Is 273 a multiple of 38?
False
Is 37 a factor of 2035?
True
Is 28 a factor of 532?
True
Does 5 divide 80?
True
Is 7112 a multiple of 14?
True
Is 4 a factor of 1680?
True
Does 10 divide 1826?
False
Is 2 a factor of 152?
True
Is 2274 a multiple of 17?
False
Is 1014 a multiple of 22?
False
Is 31452 a multiple of 12?
True
Is 1360 a multiple of 40?
True
Does 31 divide 837?
True
Is 4963 a multiple of 7?
True
Is 10 a factor of 600?
True
Is 9 a factor of 684?
True
Does 20 divide 68206?
False
Is 175 a factor of 4900?
True
Does 20 divide 196?
False
Is 101934 a multiple of 18?
True
Is 13 a factor of 2568?
False
Is 56 a multiple of 56?
True
Is 22 a factor of 242?
True
Is 30690 a multiple of 45?
True
Is 1349 a multiple of 19?
True
Does 64 divide 896?
True
Is 7 a factor of 30646?
True
Is 52 a factor of 7748?
True
Is 592 a multiple of 37?
True
Does 33 divide 5907?
True
Is 49 a factor of 352?
False
Is 20 a factor of 4020?
True
Is 31 a factor of 6603?
True
Is 1342 a multiple of 46?
False
Does 167 divide 16032?
True
Is 7 a factor of 931?
True
Does 16 divide 11138?
False
Does 62 divide 20336?
True
Is 30137 a multiple of 4?
False
Is 3498 a multiple of 12?
False
Is 8 a factor of 1375?
False
Does 10 divide 2050?
True
Is 4652 a multiple of 35?
False
Does 9 divide 639?
True
Is 10 a factor of 6450?
True
Is 2624 a multiple of 19?
False
Does 32 divide 4224?
True
Is 66 a multiple of 11?
True
Is 2247 a multiple of 21?
True
Is 33 a factor of 1287?
True
Is 3 a factor of 33?
True
Is 81 a factor of 1255?
False
Is 89 a multiple of 17?
False
Is 9052 a multiple of 73?
True
Is 495 a multiple of 33?
True
Does 5 divide 106?
False
Is 223 a multiple of 24?
False
Is 231 a multiple of 11?
True
Does 53 divide 73405?
True
Is 469 a multiple of 18?
False
Is 55 a factor of 29524?
False
Does 29 divide 957?
True
Is 2 a factor of 143?
False
Is 55568 a multiple of 31?
False
Is 34880 a multiple of 40?
True
Does 75 divide 3269?
False
Is 2610 a multiple of 51?
False
Is 25 a factor of 10222?
False
Is 1950 a multiple of 25?
True
Is 31 a factor of 93?
True
Is 37 a factor of 683?
False
Is 59 a factor of 4956?
True
Is 